0202?
221201200221
In base 14, what is -4 + 18024?
18020
In base 3, what is 120 + 100000000122?
100000001012
In base 6, what is -23 + 504?
441
In base 14, what is 2 - c9c2?
-c9c0
In base 2, what is 100111 + 11011011110010?
11011100011001
In base 12, what is 0 + 70a97?
70a97
In base 9, what is -41240 + 221?
-41018
In base 11, what is -469a26 - -1?
-469a25
In base 16, what is -5c4e - -1?
-5c4d
In base 5, what is -214124441 + 3?
-214124433
In base 4, what is 12322021 + 0?
12322021
In base 4, what is 1012131031 + -13?
1012131012
In base 4, what is -23230132 - 10?
-23230202
In base 15, what is -45 + -89b?
-8e1
In base 14, what is -125 + 1264?
113d
In base 14, what is 10 + -115?
-105
In base 16, what is -1548 - 2b?
-1573
In base 3, what is -1 + -1001121020?
-1001121021
In base 9, what is -3072 - 437?
-3520
In base 16, what is -c + 2c55?
2c49
In base 13, what is -1 + -594?
-595
In base 14, what is -75a - 9c?
-818
In base 7, what is 1304 - 236?
1035
In base 13, what is 7 - -1b3b?
1b45
In base 13, what is -53 - 164?
-1b7
In base 7, what is -20316 - 1164?
-21513
In base 5, what is 120 + 12340330?
12341000
In base 5, what is -2312132 - -23?
-2312104
In base 10, what is 23 + 171?
194
In base 10, what is -8 - -127967?
127959
In base 12, what is 1a8 - -4692?
487a
In base 7, what is 3 - 113256?
-113253
In base 14, what is d9d8 - 4?
d9d4
In base 11, what is -20 - -14a39?
14a19
In base 16, what is -ad + c4c?
b9f
In base 16, what is -2d89 - -2?
-2d87
In base 9, what is -4044 + -17?
-4062
In base 14, what is -61 + 2421?
23a0
In base 13, what is 1688a0 - -3?
1688a3
In base 15, what is 0 - -37507?
37507
In base 16, what is 20a2 + -15?
208d
In base 9, what is -5 + -8134?
-8140
In base 16, what is -2e + -fbfb?
-fc29
In base 16, what is -1bc4 - 39?
-1bfd
In base 5, what is 22 - -132001?
132023
In base 12, what is 7b43 + 3?
7b46
In base 14, what is -b - 20d4c?
-20d59
In base 2, what is 1 - 1011100000101010010?
-1011100000101010001
In base 13, what is -8 - 5a216?
-5a221
In base 4, what is -20012123 - 3?
-20012132
In base 6, what is 110 - -53213?
53323
In base 3, what is 1 + -101100220?
-101100212
In base 14, what is 23a + -5d?
1bb
In base 2, what is 100 - -11110010001100?
11110010010000
In base 11, what is 3 - 10076?
-10073
In base 10, what is -49070 - 2?
-49072
In base 13, what is 0 - -8b2a?
8b2a
In base 3, what is 10202100200 + -20?
10202100110
In base 11, what is 7a + -10725?
-10656
In base 5, what is 34301 + -312?
33434
In base 5, what is -10042 + 3041?
-2001
In base 7, what is -1 - -4140?
4136
In base 2, what is 10011111011010 + -1?
10011111011001
In base 10, what is -269511 + -2?
-269513
In base 14, what is 3 - -173a?
173d
In base 14, what is 86 - 24d?
-1a7
In base 3, what is 1100222102202 + 0?
1100222102202
In base 10, what is -2 - -17760?
17758
In base 11, what is 5 + -8a447?
-8a442
In base 13, what is -4 + -3b210?
-3b214
In base 5, what is -1141 + 3233?
2042
In base 4, what is 2033101 + -102?
2032333
In base 14, what is -2 + -110529?
-11052b
In base 16, what is 248 - -31?
279
In base 3, what is -11 + 21012202?
21012121
In base 8, what is -10676 - -5?
-10671
In base 13, what is 4 - -917b4?
917b8
In base 4, what is -12120 - 13?
-12133
In base 8, what is -56101 - 16?
-56117
In base 16, what is -901be - -4?
-901ba
In base 16, what is 0 - a32a?
-a32a
In base 11, what is -1a914a - 0?
-1a914a
In base 5, what is -41142 - 222?
-41414
In base 3, what is 102222 + -10122?
22100
In base 14, what is -7 + -243d1?
-243d8
In base 10, what is -228 - -5186?
4958
In base 6, what is 3 + 202123?
202130
In base 7, what is 206262 - -3?
206265
In base 8, what is -3 - 2325215?
-2325220
In base 13, what is 4803 + -24?
47ac
In base 13, what is -78ac1 - 2?
-78ac3
In base 15, what is 4 + -24096?
-24092
In base 2, what is 101110010 + -11011000?
10011010
In base 7, what is 106645 - -20?
106665
In base 9, what is 17270 - 67?
17202
In base 12, what is -114537 - 6?
-114541
In base 4, what is -2000200 + -1013?
-2001213
In base 10, what is 153 + 2?
155
In base 16, what is -12 - 14d3?
-14e5
In base 2, what is -110000101010 - 1000000?
-110001101010
In base 15, what is -1aa + 37?
-173
In base 9, what is 30 + -1643?
-1613
In base 12, what is 4 + 83b47?
83b4b
In base 7, what is 1 + 123046?
123050
In base 2, what is -11 + 110101010000?
110101001101
In base 14, what is 23 - 19aa?
-1987
In base 4, what is -120012 + -1001?
-121013
In base 6, what is -421314 - 142?
-421500
In base 7, what is 321464 + 2?
321466
In base 10, what is -2 + 77352?
77350
In base 16, what is -8655 - 11?
-8666
In base 12, what is 2 - -4a357?
4a359
In base 15, what is 4 - 1d1e?
-1d1a
In base 5, what is -3 + 1201201?
1201143
In base 12, what is 16 - -1a758?
1a772
In base 11, what is 61528 + -5?
61523
In base 4, what is 1022 - -112?
1200
In base 4, what is 2 + -210311333?
-210311331
In base 2, what is 11 + -11011011001001111111?
-11011011001001111100
In base 8, what is -4 - -2050006?
2050002
In base 11, what is -2 + -5583?
-5585
In base 13, what is -65 + 57b0?
5748
In base 12, what is b4a - -aa?
1038
In base 2, what is 10 + 10010101010000?
10010101010010
In base 5, what is -432334 - 0?
-432334
In base 15, what is -3 - 24a72?
-24a75
In base 6, what is -13 - -144334?
144321
In base 15, what is 2 - -224b0?
224b2
In base 14, what is -29117 + -3?
-2911a
In base 15, what is 281 - -10d?
38e
In base 11, what is -2581 + 7?
-2575
In base 7, what is -102 + 11533?
11431
In base 2, what is 1000100010110 + 1001111?
1000101100101
In base 14, what is 434 + -8?
42a
In base 12, what is -1355 + 39?
-1318
In base 15, what is b398 + 2?
b39a
In base 5, what is -113034214 + -3?
-113034222
In base 4, what is -23 + 11021220?
11021131
In base 9, what is 46182 + 72?
46264
In base 6, what is -25 - 2031?
-2100
In base 4, what is -101023000 - 0?
-101023000
In base 8, what is 4 - -262642?
262646
In base 8, what is -5 - -107004?
106777
In base 12, what is 5 + 3a20?
3a25
In base 6, what is -132 + -55132?
-55304
In base 16, what is 7 - 778?
-771
In base 12, what is 139ba - 4?
139b6
In base 14, what is 2 + -24711?
-2470d
In base 7, what is 23 - -100140?
100163
In base 6, what is -330 - 14515?
-15245
In base 16, what is -acf1 - 9?
-acfa
In base 2, what is -110001111111101111 + 100?
-110001111111101011
In base 14, what is -389 - -1838?
148d
In base 13, what is a9b927 + -2?
a9b925
In base 8, what is 5 - -52163?
52170
In base 16, what is 4 - -3728?
372c
In base 6, what is -2214322 - 0?
-2214322
In base 8, what is -17 + 61050?
61031
In base 2, what is -11011111100101 - 110?
-11011111101011
In base 6, what is 1303245 + -13?
1303232
In base 6, what is 435522 + 1?
435523
In base 4, what is 2001332130 - -3?
2001332133
In base 4, what is -1022023 - 113?
-1022202
In base 2, what is -10010101101001000 + 1111?
-10010101100111001
In base 13, what is -3904 + -219?
-3b20
In base 6, what is 154243 + 44?
154331
In base 5, what is -23121 - -13?
-23103
In base 4, what is 10332233032 - 2?
10332233030
In base 3, what is 12222211202 - -1222?
12222220201
In base 14, what is -41 + 1bad9?
1ba98
In base 4, what is 111001002 - -1?
111001003
In base 4, what is -13020 + -221302?
-300322
In base 5, what is -2 - -223324233?
223324231
In base 5, what is 23 + -43120?
-43042
In base 11, what is 81 - -77?
148
In base 6, what is 400 + -12241?
-11441
In base 5, what is -13 + -4032?
-4100
In base 11, what is 1 - -2a96?
2a97
In base 3, what is -22000202 - -20100?
-21210102
In base 10, what is 872 - -37?
909
In base 15, what is 1d + d82?
da0
In base 8, what is -2 - -112040?
112036
In base 13, what is -4 + -21a1?
-21a5
In base 11, what is 18554 + -15?
1853a
In base 2, what is 11110 - -11110010111?
11110110101
In base 15, what is -4a036 + -3?
-4a039
In base 8, what is 56 + -3174?
-3116
In base 8, what is 4 - -401232?
401236
In base 13, what is 7b7 + 65?
84c
In base 9, what is -3545 - 6?
-3552
In base 6, what is 5 - 54351?
-54342
In base 2, what is 10111001 - -11101100?
110100101
In base 4, what is -10 + -21303212?
-21303222
In base 16, what is 40f + -42?
3cd
In base 5, what is 100 - -131411?
132011
In base 7, what is 3 - -216342?
216345
In base 5, what is 312411 + -310?
312101
In base 5, what is 0 - 404201?
-404201
In base 14, what is -11 - 24ac?
-24bd
In base 3, what is 2020 + 1110211?
1120001
In base 3, 